{"id":203,"date":"2015-05-25T12:55:10","date_gmt":"2015-05-25T12:55:10","guid":{"rendered":"http:\/\/quanticalabs.com\/wptest\/carservice\/?page_id=203"},"modified":"2017-08-28T10:13:18","modified_gmt":"2017-08-28T08:13:18","slug":"about","status":"publish","type":"page","link":"https:\/\/auto-schanzer.de\/?page_id=203","title":{"rendered":"\u00dcber uns"},"content":{"rendered":"<section class=\"wpb-content-wrapper\"><p>[vc_row el_class=&#8220;margin-top-70&#8243;][vc_column width=&#8220;1\/2&#8243;][vc_column_text el_class=&#8220;description margin-top-0&#8243;]Die <em>AUTOFIT<\/em>-Meisterwerkstatt ist die g\u00fcnstige Alternative f\u00fcr die Wartung und Inspektion Ihres Autos &#8211; f\u00fcr alle Marken, f\u00fcr alle Baujahre und f\u00fcr alle Service- und Reparaturarbeiten rund um Ihr Auto. Als einer von \u00fcber 1.500 <em>AUTOFIT<\/em>-Meisterbetrieben in ganz Europa k\u00f6nnen wir Ihnen dabei die ganze Leistungsf\u00e4higkeit und den hohen Qualit\u00e4tsstandard einer internationalen Marke bieten. Herzlich willkommen bei der Auto Schanzer in Neureichenau![\/vc_column_text][vc_empty_space height=&#8220;175px&#8220;][vc_column_text]<\/p>\n<div class=\"section-in\">\n<div class=\"xtext\">\n<h2>Auf gute Bekanntschaft!<\/h2>\n<p>Als Familienbetrieb legen wir Wert auf pers\u00f6nlichen Kontakt und ein Vertrauensverh\u00e4ltnis zu unseren Kunden. Das hei\u00dft: ein einziger Ansprechpartner, der Sie und Ihr Auto bestens kennt und mit seinem Namen f\u00fcr die Qualit\u00e4t unserer Arbeit b\u00fcrgt. Und apropos Qualit\u00e4t: Bei der Auto Schanzer arbeitet unter Leitung eines erfahrenen Kfz-Meisters ausschlie\u00dflich gut ausgebildetes Fachpersonal f\u00fcr Sie, das dank permanenter Weiterbildung immer auf dem neuesten Stand der Technik ist.<\/p>\n<\/div>\n<\/div>\n<p>[\/vc_column_text][vc_row_inner top_margin=&#8220;page-margin-top&#8220;][vc_column_inner]<a class=\"more\" href=\"https:\/\/auto-schanzer.de\/?page_id=137\" title=\"Leistungen\"><span>Leistungen<\/span><\/a>[\/vc_column_inner][\/vc_row_inner][\/vc_column][vc_column width=&#8220;1\/2&#8243;][vc_single_image image=&#8220;1216&#8243; img_size=&#8220;gallery-thumb&#8220; onclick=&#8220;img_link_large&#8220; el_class=&#8220;cs-lightbox&#8220;][vc_row_inner el_class=&#8220;margin-top-30&#8243;][vc_column_inner width=&#8220;1\/2&#8243;][vc_single_image image=&#8220;924&#8243; img_size=&#8220;medium-thumb&#8220; onclick=&#8220;img_link_large&#8220; el_class=&#8220;cs-lightbox&#8220;][\/vc_column_inner][vc_column_inner width=&#8220;1\/2&#8243;][vc_single_image image=&#8220;919&#8243; img_size=&#8220;medium-thumb&#8220; onclick=&#8220;img_link_large&#8220; el_class=&#8220;cs-lightbox&#8220;][\/vc_column_inner][\/vc_row_inner][\/vc_column][\/vc_row][vc_row type=&#8220;full-width&#8220; top_margin=&#8220;page-margin-top-section&#8220; el_class=&#8220;padding-top-70 page-padding-top padding-bottom-66&#8243; css=&#8220;.vc_custom_1440581335043{background-color: #f5f5f5 !important;}&#8220;][vc_column][vc_row_inner][vc_column_inner el_class=&#8220;align-center&#8220; width=&#8220;1\/3&#8243;]<div class=\"feature-item with-counter\"><span class=\"number animated-element\" data-value=\"100\"><\/span><span class=\"number sign\">%<\/span><h5>Kundenzufriedenheit<\/h5><\/div>[\/vc_column_inner][vc_column_inner el_class=&#8220;align-center&#8220; width=&#8220;1\/3&#8243;]<div class=\"feature-item with-counter\"><span class=\"number animated-element\" data-value=\"702\"><\/span><h5>Reifen gewechselt<\/h5><\/div>[\/vc_column_inner][vc_column_inner el_class=&#8220;align-center&#8220; width=&#8220;1\/3&#8243;]<div class=\"feature-item with-counter\"><span class=\"number animated-element\" data-value=\"5125\"><\/span><h5>Angezogene Schrauben<\/h5><\/div>[\/vc_column_inner][\/vc_row_inner][\/vc_column][\/vc_row][vc_row type=&#8220;full-width cs-parallax&#8220; css=&#8220;.vc_custom_1441196548582{background-image: url(http:\/\/quanticalabs.com\/wptest\/carservice\/files\/2015\/05\/image_021.jpg?id=929) !important;}&#8220; el_class=&#8220;padding-top-70 padding-bottom-66&#8243;][vc_column][\/vc_column][\/vc_row][vc_row top_margin=&#8220;page-margin-top-section&#8220; el_class=&#8220;padding-bottom-66&#8243;][vc_column]<h2 class=\" box-header\">Unser Konzept<\/h2>[vc_column_text el_class=&#8220;description align-center&#8220;]Alles rund um Sie und Ihr Fahrzeug.[\/vc_column_text][vc_row_inner top_margin=&#8220;page-margin-top-section&#8220;][vc_column_inner width=&#8220;1\/2&#8243;]<div class=\"feature-item\"><h5>Professionell<\/h5><div class=\"icon sl-small-car-fix\"><\/div><p><\/p>\n<div class=\"section-in\">\n<div class=\"xtext\">\n<p>Bei Ihrer <em>AUTOFIT<\/em>-Profiwerkstatt arbeitet ausschlie\u00dflich gut ausgebildetes Fachpersonal f\u00fcr Sie, das dank permanenter Weiterbildung immer auf dem neuesten Stand der Technik ist &#8211; beispielsweise in den Bereichen Elektrik und Mechanik.<\/p>\n<\/div>\n<\/div>\n<p><\/p><\/div><div class=\"feature-item\"><h5>Fortschrittlich<\/h5><div class=\"icon sl-small-check\"><\/div><p>Bei Ihrer <em>AUTOFIT<\/em>-Profiwerkstatt sind ausschlie\u00dflich die modernsten Diagnosesysteme und Werkzeuge im Einsatz. Dar\u00fcber hinaus haben wir Zugriff auf eine der gr\u00f6\u00dften technischen Datenbanken Deutschlands.<\/p><\/div><div class=\"feature-item\"><h5>G\u00fcnstig<\/h5><div class=\"icon sl-small-payment\"><\/div><p>Bei uns erleben Sie keine b\u00f6sen \u00dcberraschungen. Denn selbstverst\u00e4ndlich bekommen Sie vor jeder Reparatur oder Inspektion einen Kostenvoranschlag. Sollte w\u00e4hrend der Arbeit an Ihrem Auto etwas Unvorhergesehenes auftauchen, halten wir R\u00fccksprache mit Ihnen. Grunds\u00e4tzlich gilt: Wir arbeiten keine Wartungslisten nach sturem Schema ab, sondern beraten gemeinsam mit Ihnen, was zu tun ist.<\/p><\/div>[\/vc_column_inner][vc_column_inner width=&#8220;1\/2&#8243;]<div class=\"feature-item\"><h5>Pers\u00f6nlich<\/h5><div class=\"icon sl-small-person\"><\/div><p>Im Gegensatz zu den gro\u00dfen Autoh\u00e4usern und Reparaturketten legen wir gro\u00dfen Wert auf den pers\u00f6nlichen Kontakt und ein Vertrauensverh\u00e4ltnis zu unseren Kunden. Das hei\u00dft f\u00fcr Sie: ein einziger Ansprechpartner, der Sie und Ihr Auto bestens kennt und mit seinem Namen f\u00fcr die Qualit\u00e4t unserer Arbeit b\u00fcrgt. Dadurch ist es beispielsweise zu erkl\u00e4ren, dass wir viele Familien mit ihren Fahrzeugen schon \u00fcber Generationen hinweg betreuen.<\/p><\/div><div class=\"feature-item\"><h5>Schnell<\/h5><div class=\"icon sl-small-clock\"><\/div><p>Mobilit\u00e4t ist im privaten und beruflichen Umfeld wichtiger denn je. Deshalb sorgen wir daf\u00fcr, dass Sie nicht lange auf Ihr Auto verzichten m\u00fcssen. Termine gibt es bei uns ohne lange Wartelisten. Wenn Sie es besonders eilig haben, geht es auch ganz ohne. Und nat\u00fcrlich arbeiten wir schnell. Aber nur so schnell wie m\u00f6glich, ohne dabei Ihre Sicherheit zu vernachl\u00e4ssigen.<\/p><\/div><div class=\"feature-item\"><h5>Hochwertig<\/h5><div class=\"icon sl-small-certificate\"><\/div><p>Falls im Rahmen einer Inspektion oder Reparatur einmal ein Teil ausgetauscht werden muss, verwenden wir dazu hochwertige Ersatzteile in Erstausr\u00fcsterqualit\u00e4t mit zwei Jahren Garantie. Da wir mehrmals am Tag mit Ersatzteilen beliefert werden, m\u00fcssen wir nicht lange auf das passende Teil warten. Speziell f\u00fcr \u00e4ltere Fahrzeuge f\u00fchren wir alternative Produktlinien mit g\u00fcnstigem Preis-Leistungs-Verh\u00e4ltnis.<\/p><\/div>[\/vc_column_inner][\/vc_row_inner][\/vc_column][\/vc_row]<\/p>\n<\/section>","protected":false},"excerpt":{"rendered":"<p>[vc_row el_class=&#8220;margin-top-70&#8243;][vc_column width=&#8220;1\/2&#8243;][vc_column_text el_class=&#8220;description margin-top-0&#8243;]Die AUTOFIT-Meisterwerkstatt ist die g\u00fcnstige Alternative f\u00fcr die Wartung und Inspektion Ihres Autos &#8211; f\u00fcr alle Marken, f\u00fcr alle Baujahre und f\u00fcr alle Service- und Reparaturarbeiten rund um Ihr Auto. Als einer von \u00fcber 1.500 AUTOFIT-Meisterbetrieben in ganz Europa k\u00f6nnen wir Ihnen dabei die ganze Leistungsf\u00e4higkeit und den hohen Qualit\u00e4tsstandard einer<\/p>\n","protected":false},"author":1,"featured_media":0,"parent":0,"menu_order":0,"comment_status":"closed","ping_status":"open","template":"","meta":{"footnotes":""},"class_list":["post-203","page","type-page","status-publish","hentry"],"_links":{"self":[{"href":"https:\/\/auto-schanzer.de\/index.php?rest_route=\/wp\/v2\/pages\/203","targetHints":{"allow":["GET"]}}],"collection":[{"href":"https:\/\/auto-schanzer.de\/index.php?rest_route=\/wp\/v2\/pages"}],"about":[{"href":"https:\/\/auto-schanzer.de\/index.php?rest_route=\/wp\/v2\/types\/page"}],"author":[{"embeddable":true,"href":"https:\/\/auto-schanzer.de\/index.php?rest_route=\/wp\/v2\/users\/1"}],"replies":[{"embeddable":true,"href":"https:\/\/auto-schanzer.de\/index.php?rest_route=%2Fwp%2Fv2%2Fcomments&post=203"}],"version-history":[{"count":3,"href":"https:\/\/auto-schanzer.de\/index.php?rest_route=\/wp\/v2\/pages\/203\/revisions"}],"predecessor-version":[{"id":1219,"href":"https:\/\/auto-schanzer.de\/index.php?rest_route=\/wp\/v2\/pages\/203\/revisions\/1219"}],"wp:attachment":[{"href":"https:\/\/auto-schanzer.de\/index.php?rest_route=%2Fwp%2Fv2%2Fmedia&parent=203"}],"curies":[{"name":"wp","href":"https:\/\/api.w.org\/{rel}","templated":true}]}}