{"id":4,"date":"2015-05-08T13:22:48","date_gmt":"2015-05-08T13:22:48","guid":{"rendered":"http:\/\/quanticalabs.com\/wptest\/carservice\/?page_id=4"},"modified":"2018-06-21T09:33:44","modified_gmt":"2018-06-21T07:33:44","slug":"home","status":"publish","type":"page","link":"https:\/\/auto-schanzer.de\/","title":{"rendered":"Home"},"content":{"rendered":"<section class=\"wpb-content-wrapper\"><p>[vc_row type=&#8220;full-width&#8220;][vc_column][rev_slider_vc alias=&#8220;main&#8220;][\/vc_column][\/vc_row][vc_row type=&#8220;full-width&#8220; css=&#8220;.vc_custom_1439892689981{background-color: #f5f5f5 !important;}&#8220;][vc_column]<div class=\"announcement clearfix\">\r\n\t\t\t\t\t<div class=\"vc_row wpb_row vc_row-fluid\">\r\n\t\t\t\t\t\t<div class=\"vc_col-sm-8 wpb_column vc_column_container\">\r\n\t\t\t\t\t\t\t<div class=\"vertical-align\">\r\n\t\t\t\t\t\t\t\t<div class=\"vertical-align-cell\">\r\n\t\t\t\t\t\t\t\t\t<h3>Sie k\u00f6nnen gleich hier online einen Termin vereinbaren<\/h3>\r\n\t\t\t\t\t\t\t\t<\/div>\r\n\t\t\t\t\t\t\t<\/div>\r\n\t\t\t\t\t\t<\/div><div class=\"vc_col-sm-4 wpb_column vc_column_container\">\r\n\t\t\t\t\t\t<div class=\"vertical-align\">\r\n\t\t\t\t\t\t\t<div class=\"vertical-align-cell\">\r\n\t\t\t\t\t\t\t\t<a title=\"Vereinbaren Sie einen Termin\" href=\"https:\/\/auto-schanzer.de\/?page_id=880\" class=\"more\"><span>Vereinbaren Sie einen Termin<\/span><\/a>\r\n\t\t\t\t\t\t\t<\/div>\r\n\t\t\t\t\t\t<\/div>\r\n\t\t\t\t\t<\/div><\/div>\r\n\t\t\t<\/div>[\/vc_column][\/vc_row][vc_row top_margin=&#8220;page-margin-top-section&#8220;][vc_column]<h2 class=\" box-header\">Ihre Meisterwerkstatt f\u00fcr alle Marken, f\u00fcr alle F\u00e4lle.<\/h2>[vc_column_text el_class=&#8220;description align-center&#8220;]Die <em>AUTOFIT<\/em>-Meisterwerkstatt ist die g\u00fcnstige Alternative f\u00fcr die Wartung und Inspektion Ihres Autos &#8211; f\u00fcr alle Marken, f\u00fcr alle Baujahre und f\u00fcr alle Service- und Reparaturarbeiten rund um Ihr Auto. Als einer von \u00fcber 1.500 <em>AUTOFIT<\/em>-Meisterbetrieben in ganz Europa k\u00f6nnen wir Ihnen dabei die ganze Leistungsf\u00e4higkeit und den hohen Qualit\u00e4tsstandard einer internationalen Marke bieten. Herzlich willkommen bei der Auto Schanzer in Neureichenau![\/vc_column_text][vc_row_inner top_margin=&#8220;page-margin-top&#8220;][vc_column_inner width=&#8220;1\/3&#8243;]<div class=\"feature-item feature-item-big\"><div class=\"hexagon\"><div class=\"sl-small-user-chat\"><\/div><\/div><h4 class=\"box-header\">Pers\u00f6nlich<\/h4><p>Professionelle und saubere Arbeit in einem pers\u00f6nlichen, freundlichen Umfeld.<\/p><\/div>[\/vc_column_inner][vc_column_inner width=&#8220;1\/3&#8243;]<div class=\"feature-item feature-item-big\"><div class=\"hexagon\"><div class=\"sl-small-wrench-screwdriver\"><\/div><\/div><h4 class=\"box-header\">Mitarbeiter<\/h4><p>Ausgebildete und erfahrene Mitarbeiter sorgen f\u00fcr die n\u00f6tige Sorgfalt und das n\u00f6tige Wissen.<\/p><\/div>[\/vc_column_inner][vc_column_inner width=&#8220;1\/3&#8243;]<div class=\"feature-item feature-item-big\"><div class=\"hexagon\"><div class=\"sl-small-truck-tow\"><\/div><\/div><h4 class=\"box-header\">Qualit\u00e4t<\/h4><p>Qualit\u00e4tsmaterial bzw. Markenqualit\u00e4t sorgt f\u00fcr eine langlebige und zuverl\u00e4ssige Reparatur.<\/p><\/div>[\/vc_column_inner][\/vc_row_inner][\/vc_column][\/vc_row][vc_row el_class=&#8220;align-center margin-top-67 padding-bottom-20&#8243;][vc_column]<a class=\"more\" href=\"https:\/\/auto-schanzer.de\/?page_id=203\" title=\"MEHR ERFAHREN\"><span>MEHR ERFAHREN<\/span><\/a>[\/vc_column][\/vc_row][vc_row type=&#8220;full-width&#8220; top_margin=&#8220;page-margin-top-section&#8220; el_class=&#8220;flex-box&#8220; css=&#8220;.vc_custom_1441196365110{background-color: #f5f5f5 !important;}&#8220;][vc_column width=&#8220;1\/2&#8243; css=&#8220;.vc_custom_1441196358309{background-image: url(http:\/\/quanticalabs.com\/wptest\/carservice\/files\/2015\/05\/image_01.jpg?id=917) !important;}&#8220;][vc_single_image image=&#8220;917&#8243; img_size=&#8220;large-thumb&#8220; el_class=&#8220;flex-hide&#8220;][\/vc_column][vc_column width=&#8220;1\/2&#8243; el_class=&#8220;padding-left-right-100 padding-bottom-66&#8243;]<h2 class=\" box-header page-margin-top-section\">Automarken<\/h2>[vc_column_text el_class=&#8220;description align-center&#8220;]Wir reparieren alle Marken und sind spezialisiert auf:<br \/>\n<strong>AUDI, BMW, SKODA, TOYOTA, VOLKSWAGEN<\/strong>[\/vc_column_text][vc_row_inner css=&#8220;.vc_custom_1439977887316{margin-top: 30px !important;}&#8220;][vc_column_inner width=&#8220;1\/3&#8243;]<ul class=\"list\"><li class=\"template-bullet \"><span>Audi<\/span><\/li><li class=\"template-bullet \"><span>VW<\/span><\/li><li class=\"template-bullet \"><span>BMW<\/span><\/li><li class=\"template-bullet \"><span>Opel<\/span><\/li><li class=\"template-bullet \"><span>Skoda<\/span><\/li><\/ul>[\/vc_column_inner][vc_column_inner width=&#8220;1\/3&#8243;]<ul class=\"list\"><li class=\"template-bullet \"><span>Mercedes &#8211; Benz<\/span><\/li><li class=\"template-bullet \"><span>Toyota<\/span><\/li><li class=\"template-bullet \"><span>Mitsubishi<\/span><\/li><li class=\"template-bullet \"><span>Nissan<\/span><\/li><li class=\"template-bullet \"><span>Renault<\/span><\/li><\/ul>[\/vc_column_inner][vc_column_inner width=&#8220;1\/3&#8243;]<ul class=\"list\"><li class=\"template-bullet \"><span>KIA<\/span><\/li><li class=\"template-bullet \" style=\"color:CCCCCC;\"><span style=\"color: CCCCCC;\">Peugeot<\/span><\/li><li class=\"template-bullet \"><span>Hyundai<\/span><\/li><li class=\"template-bullet \"><span>Fiat<\/span><\/li><li class=\"template-bullet \"><span>Ford<\/span><\/li><\/ul>[\/vc_column_inner][\/vc_row_inner][vc_column_text el_class=&#8220;description align-center&#8220;]<\/p>\n<p style=\"text-align: center;\"><strong>Und weiter Marken.<\/strong><\/p>\n<p>[\/vc_column_text][\/vc_column][\/vc_row][vc_row top_margin=&#8220;page-margin-top-section&#8220;][vc_column]<h2 class=\" box-header\">Leistungen<\/h2>[vc_column_text el_class=&#8220;description align-center&#8220;]Wir bieten eine Vielzahl von Werkstatt- und Zusatzleistungen rund um Ihr KFZ an.[\/vc_column_text]<ul class=\"services-list clearfix page-margin-top\"><li class=\"vc_row wpb_row vc_row-fluid\"><ul><li><a href=\"https:\/\/auto-schanzer.de\/?ql_services=zusatzleistungen-service\" title=\"Zusatzleistungen \/ Service &#038; Glas\"><img loading=\"lazy\" decoding=\"async\" width=\"390\" height=\"260\" src=\"https:\/\/auto-schanzer.de\/wp-content\/uploads\/2017\/08\/Schl\u00fcssel-390x260.jpg\" class=\"attachment-medium-thumb size-medium-thumb wp-post-image\" alt=\"Zusatzleistungen \/ Service &#038; Glas\" title=\"\" srcset=\"https:\/\/auto-schanzer.de\/wp-content\/uploads\/2017\/08\/Schl\u00fcssel-390x260.jpg 390w, https:\/\/auto-schanzer.de\/wp-content\/uploads\/2017\/08\/Schl\u00fcssel-300x200.jpg 300w, https:\/\/auto-schanzer.de\/wp-content\/uploads\/2017\/08\/Schl\u00fcssel-768x512.jpg 768w, https:\/\/auto-schanzer.de\/wp-content\/uploads\/2017\/08\/Schl\u00fcssel-570x380.jpg 570w, https:\/\/auto-schanzer.de\/wp-content\/uploads\/2017\/08\/Schl\u00fcssel-480x320.jpg 480w, https:\/\/auto-schanzer.de\/wp-content\/uploads\/2017\/08\/Schl\u00fcssel-270x180.jpg 270w, https:\/\/auto-schanzer.de\/wp-content\/uploads\/2017\/08\/Schl\u00fcssel.jpg 870w\" sizes=\"auto, (max-width: 390px) 100vw, 390px\" \/><\/a><h4 class=\"box-header\"><a href=\"https:\/\/auto-schanzer.de\/?ql_services=zusatzleistungen-service\" title=\"Zusatzleistungen \/ Service &#038; Glas\">Zusatzleistungen \/ Service &#038; Glas<\/a><\/h4><\/li><li><a href=\"https:\/\/auto-schanzer.de\/?ql_services=lube-oil-and-filters\" title=\"Kraftstoffe &#038; \u00d6l\"><img loading=\"lazy\" decoding=\"async\" width=\"390\" height=\"260\" src=\"https:\/\/auto-schanzer.de\/wp-content\/uploads\/2015\/05\/image_02-390x260.jpg\" class=\"attachment-medium-thumb size-medium-thumb wp-post-image\" alt=\"Kraftstoffe &#038; \u00d6l\" title=\"\" srcset=\"https:\/\/auto-schanzer.de\/wp-content\/uploads\/2015\/05\/image_02-390x260.jpg 390w, https:\/\/auto-schanzer.de\/wp-content\/uploads\/2015\/05\/image_02-300x200.jpg 300w, https:\/\/auto-schanzer.de\/wp-content\/uploads\/2015\/05\/image_02-768x512.jpg 768w, https:\/\/auto-schanzer.de\/wp-content\/uploads\/2015\/05\/image_02-570x380.jpg 570w, https:\/\/auto-schanzer.de\/wp-content\/uploads\/2015\/05\/image_02-480x320.jpg 480w, https:\/\/auto-schanzer.de\/wp-content\/uploads\/2015\/05\/image_02-270x180.jpg 270w, https:\/\/auto-schanzer.de\/wp-content\/uploads\/2015\/05\/image_02.jpg 870w\" sizes=\"auto, (max-width: 390px) 100vw, 390px\" \/><\/a><h4 class=\"box-header\"><a href=\"https:\/\/auto-schanzer.de\/?ql_services=lube-oil-and-filters\" title=\"Kraftstoffe &#038; \u00d6l\">Kraftstoffe &#038; \u00d6l<\/a><\/h4><\/li><li><a href=\"https:\/\/auto-schanzer.de\/?ql_services=belts-and-hoses\" title=\"Aufbereitung &#038; Pflege\"><img loading=\"lazy\" decoding=\"async\" width=\"390\" height=\"260\" src=\"https:\/\/auto-schanzer.de\/wp-content\/uploads\/2015\/05\/W\u00e4sche-390x260.jpg\" class=\"attachment-medium-thumb size-medium-thumb wp-post-image\" alt=\"Aufbereitung &#038; Pflege\" title=\"\" srcset=\"https:\/\/auto-schanzer.de\/wp-content\/uploads\/2015\/05\/W\u00e4sche-390x260.jpg 390w, https:\/\/auto-schanzer.de\/wp-content\/uploads\/2015\/05\/W\u00e4sche-300x200.jpg 300w, https:\/\/auto-schanzer.de\/wp-content\/uploads\/2015\/05\/W\u00e4sche-768x512.jpg 768w, https:\/\/auto-schanzer.de\/wp-content\/uploads\/2015\/05\/W\u00e4sche-570x380.jpg 570w, https:\/\/auto-schanzer.de\/wp-content\/uploads\/2015\/05\/W\u00e4sche-480x320.jpg 480w, https:\/\/auto-schanzer.de\/wp-content\/uploads\/2015\/05\/W\u00e4sche-270x180.jpg 270w, https:\/\/auto-schanzer.de\/wp-content\/uploads\/2015\/05\/W\u00e4sche.jpg 870w\" sizes=\"auto, (max-width: 390px) 100vw, 390px\" \/><\/a><h4 class=\"box-header\"><a href=\"https:\/\/auto-schanzer.de\/?ql_services=belts-and-hoses\" title=\"Aufbereitung &#038; Pflege\">Aufbereitung &#038; Pflege<\/a><\/h4><\/li><\/ul><\/li><\/ul>[\/vc_column][\/vc_row][vc_row type=&#8220;full-width&#8220; el_class=&#8220;align-center margin-top-40 padding-bottom-87&#8243;][vc_column]<a class=\"more\" href=\"https:\/\/auto-schanzer.de\/?page_id=137\" title=\"Zu unseren Leistungen\"><span>Zu unseren Leistungen<\/span><\/a>[\/vc_column][\/vc_row][vc_row type=&#8220;full-width cs-parallax&#8220; css=&#8220;.vc_custom_1441108258312{background-image: url(http:\/\/quanticalabs.com\/wptest\/carservice\/files\/2015\/05\/image_012.jpg?id=928) !important;}&#8220; el_class=&#8220;padding-top-70 padding-bottom-66&#8243;][vc_column][\/vc_column][\/vc_row][vc_row top_margin=&#8220;page-margin-top-section&#8220;][vc_column]<h2 class=\" box-header\">\u00dcberischt<\/h2>[vc_column_text el_class=&#8220;description align-center&#8220;]Wir bieten eine Vielzahl von Leistungen. Vom \u00d6l- bis zum Motorwechsel.<br \/>\nWir sind der richtige Ansprechpartner f\u00fcr alle Marken und Modelle.[\/vc_column_text][vc_row_inner top_margin=&#8220;page-margin-top-section&#8220;][vc_column_inner width=&#8220;1\/3&#8243;]<div class=\"feature-item\"><h5>Reifen\/Bremsen<\/h5><div class=\"icon sl-small-car-wheel\"><\/div><p>Wir kontrollieren oder reparieren Ihre Bremsen und wechseln Ihre Reifen.<\/p><\/div>[\/vc_column_inner][vc_column_inner width=&#8220;1\/3&#8243;]<div class=\"feature-item\"><h5>\u00d6lwechsel<\/h5><div class=\"icon sl-small-car-oil\"><\/div><p>Vom \u00d6l-Nachf\u00fcll-Service bis zum kompletten \u00d6lwechsel.<\/p><\/div>[\/vc_column_inner][vc_column_inner width=&#8220;1\/3&#8243;]<div class=\"feature-item\"><h5>Motor<\/h5><div class=\"icon sl-small-signal-warning\"><\/div><p>Ob Kupplung, Motor und Getriebe. Wir helfen Ihnen weiter.<\/p><\/div>[\/vc_column_inner][\/vc_row_inner][\/vc_column][\/vc_row][vc_row type=&#8220;full-width&#8220; top_margin=&#8220;page-margin-top-section&#8220;][vc_column]<ul class=\"galleries-list clearfix\"><li><a href=\"https:\/\/auto-schanzer.de\/?ql_galleries=lube-services\" title=\"Inspektion &#038; Hauptuntersuchung\"><img loading=\"lazy\" decoding=\"async\" width=\"480\" height=\"320\" src=\"https:\/\/auto-schanzer.de\/wp-content\/uploads\/2015\/05\/image_08-480x320.jpg\" class=\"attachment-big-thumb size-big-thumb wp-post-image\" alt=\"Inspektion &#038; Hauptuntersuchung\" title=\"\" srcset=\"https:\/\/auto-schanzer.de\/wp-content\/uploads\/2015\/05\/image_08-480x320.jpg 480w, https:\/\/auto-schanzer.de\/wp-content\/uploads\/2015\/05\/image_08-300x200.jpg 300w, https:\/\/auto-schanzer.de\/wp-content\/uploads\/2015\/05\/image_08-768x512.jpg 768w, https:\/\/auto-schanzer.de\/wp-content\/uploads\/2015\/05\/image_08-570x380.jpg 570w, https:\/\/auto-schanzer.de\/wp-content\/uploads\/2015\/05\/image_08-390x260.jpg 390w, https:\/\/auto-schanzer.de\/wp-content\/uploads\/2015\/05\/image_08-270x180.jpg 270w, https:\/\/auto-schanzer.de\/wp-content\/uploads\/2015\/05\/image_08.jpg 870w\" sizes=\"auto, (max-width: 480px) 100vw, 480px\" \/>\r\n\t\t\t<\/a><div class=\"view align-center\">\r\n\t\t\t\t\t<div class=\"vertical-align-table\">\r\n\t\t\t\t\t\t<div class=\"vertical-align-cell\"><p class=\"description\">Inspektion &#038; Hauptuntersuchung<\/p><a class=\"more simple\" href=\"https:\/\/auto-schanzer.de\/?ql_galleries=lube-services\" title=\"Mehr erfahren\">Mehr erfahren<\/a><\/div>\r\n\t\t\t\t\t<\/div>\r\n\t\t\t\t<\/div><li><a href=\"https:\/\/auto-schanzer.de\/?ql_galleries=brake-repair\" title=\"Bremsen\"><img loading=\"lazy\" decoding=\"async\" width=\"480\" height=\"320\" src=\"https:\/\/auto-schanzer.de\/wp-content\/uploads\/2015\/05\/image_05-480x320.jpg\" class=\"attachment-big-thumb size-big-thumb wp-post-image\" alt=\"Bremsen\" title=\"\" srcset=\"https:\/\/auto-schanzer.de\/wp-content\/uploads\/2015\/05\/image_05-480x320.jpg 480w, https:\/\/auto-schanzer.de\/wp-content\/uploads\/2015\/05\/image_05-300x200.jpg 300w, https:\/\/auto-schanzer.de\/wp-content\/uploads\/2015\/05\/image_05-768x512.jpg 768w, https:\/\/auto-schanzer.de\/wp-content\/uploads\/2015\/05\/image_05-570x380.jpg 570w, https:\/\/auto-schanzer.de\/wp-content\/uploads\/2015\/05\/image_05-390x260.jpg 390w, https:\/\/auto-schanzer.de\/wp-content\/uploads\/2015\/05\/image_05-270x180.jpg 270w, https:\/\/auto-schanzer.de\/wp-content\/uploads\/2015\/05\/image_05.jpg 870w\" sizes=\"auto, (max-width: 480px) 100vw, 480px\" \/>\r\n\t\t\t<\/a><div class=\"view align-center\">\r\n\t\t\t\t\t<div class=\"vertical-align-table\">\r\n\t\t\t\t\t\t<div class=\"vertical-align-cell\"><p class=\"description\">Bremsen<\/p><a class=\"more simple\" href=\"https:\/\/auto-schanzer.de\/?ql_galleries=brake-repair\" title=\"Mehr erfahren\">Mehr erfahren<\/a><\/div>\r\n\t\t\t\t\t<\/div>\r\n\t\t\t\t<\/div><li><a href=\"https:\/\/auto-schanzer.de\/?ql_galleries=tire-change\" title=\"Reifenservice\"><img loading=\"lazy\" decoding=\"async\" width=\"480\" height=\"320\" src=\"https:\/\/auto-schanzer.de\/wp-content\/uploads\/2015\/05\/image_06-480x320.jpg\" class=\"attachment-big-thumb size-big-thumb wp-post-image\" alt=\"Reifenservice\" title=\"\" srcset=\"https:\/\/auto-schanzer.de\/wp-content\/uploads\/2015\/05\/image_06-480x320.jpg 480w, https:\/\/auto-schanzer.de\/wp-content\/uploads\/2015\/05\/image_06-300x200.jpg 300w, https:\/\/auto-schanzer.de\/wp-content\/uploads\/2015\/05\/image_06-768x512.jpg 768w, https:\/\/auto-schanzer.de\/wp-content\/uploads\/2015\/05\/image_06-570x380.jpg 570w, https:\/\/auto-schanzer.de\/wp-content\/uploads\/2015\/05\/image_06-390x260.jpg 390w, https:\/\/auto-schanzer.de\/wp-content\/uploads\/2015\/05\/image_06-270x180.jpg 270w, https:\/\/auto-schanzer.de\/wp-content\/uploads\/2015\/05\/image_06.jpg 870w\" sizes=\"auto, (max-width: 480px) 100vw, 480px\" \/>\r\n\t\t\t<\/a><div class=\"view align-center\">\r\n\t\t\t\t\t<div class=\"vertical-align-table\">\r\n\t\t\t\t\t\t<div class=\"vertical-align-cell\"><p class=\"description\">Reifenservice<\/p><a class=\"more simple\" href=\"https:\/\/auto-schanzer.de\/?ql_galleries=tire-change\" title=\"Mehr erfahren\">Mehr erfahren<\/a><\/div>\r\n\t\t\t\t\t<\/div>\r\n\t\t\t\t<\/div><li><a href=\"https:\/\/auto-schanzer.de\/?ql_galleries=oil-change\" title=\"Elektronik &#038; Licht\"><img loading=\"lazy\" decoding=\"async\" width=\"480\" height=\"320\" src=\"https:\/\/auto-schanzer.de\/wp-content\/uploads\/2017\/08\/Licht-480x320.jpg\" class=\"attachment-big-thumb size-big-thumb wp-post-image\" alt=\"Elektronik &#038; Licht\" title=\"\" srcset=\"https:\/\/auto-schanzer.de\/wp-content\/uploads\/2017\/08\/Licht-480x320.jpg 480w, https:\/\/auto-schanzer.de\/wp-content\/uploads\/2017\/08\/Licht-300x200.jpg 300w, https:\/\/auto-schanzer.de\/wp-content\/uploads\/2017\/08\/Licht-768x512.jpg 768w, https:\/\/auto-schanzer.de\/wp-content\/uploads\/2017\/08\/Licht-570x380.jpg 570w, https:\/\/auto-schanzer.de\/wp-content\/uploads\/2017\/08\/Licht-390x260.jpg 390w, https:\/\/auto-schanzer.de\/wp-content\/uploads\/2017\/08\/Licht-270x180.jpg 270w, https:\/\/auto-schanzer.de\/wp-content\/uploads\/2017\/08\/Licht.jpg 870w\" sizes=\"auto, (max-width: 480px) 100vw, 480px\" \/>\r\n\t\t\t<\/a><div class=\"view align-center\">\r\n\t\t\t\t\t<div class=\"vertical-align-table\">\r\n\t\t\t\t\t\t<div class=\"vertical-align-cell\"><p class=\"description\">Elektronik &#038; Licht<\/p><a class=\"more simple\" href=\"https:\/\/auto-schanzer.de\/?ql_galleries=oil-change\" title=\"Mehr erfahren\">Mehr erfahren<\/a><\/div>\r\n\t\t\t\t\t<\/div>\r\n\t\t\t\t<\/div><\/ul>[\/vc_column][\/vc_row]<\/p>\n<\/section>","protected":false},"excerpt":{"rendered":"<p>[vc_row type=&#8220;full-width&#8220;][vc_column][rev_slider_vc alias=&#8220;main&#8220;][\/vc_column][\/vc_row][vc_row type=&#8220;full-width&#8220; css=&#8220;.vc_custom_1439892689981{background-color: #f5f5f5 !important;}&#8220;][vc_column][\/vc_column][\/vc_row][vc_row top_margin=&#8220;page-margin-top-section&#8220;][vc_column][vc_column_text el_class=&#8220;description align-center&#8220;]Die AUTOFIT-Meisterwerkstatt ist die g\u00fcnstige Alternative f\u00fcr die Wartung und Inspektion Ihres Autos &#8211; f\u00fcr alle Marken, f\u00fcr alle Baujahre und f\u00fcr alle Service- und Reparaturarbeiten rund um Ihr Auto. Als einer von \u00fcber 1.500 AUTOFIT-Meisterbetrieben in ganz Europa k\u00f6nnen wir Ihnen dabei die ganze Leistungsf\u00e4higkeit<\/p>\n","protected":false},"author":1,"featured_media":0,"parent":0,"menu_order":0,"comment_status":"closed","ping_status":"closed","template":"template-default-without-breadcrumbs.php","meta":{"footnotes":""},"class_list":["post-4","page","type-page","status-publish","hentry"],"_links":{"self":[{"href":"https:\/\/auto-schanzer.de\/index.php?rest_route=\/wp\/v2\/pages\/4","targetHints":{"allow":["GET"]}}],"collection":[{"href":"https:\/\/auto-schanzer.de\/index.php?rest_route=\/wp\/v2\/pages"}],"about":[{"href":"https:\/\/auto-schanzer.de\/index.php?rest_route=\/wp\/v2\/types\/page"}],"author":[{"embeddable":true,"href":"https:\/\/auto-schanzer.de\/index.php?rest_route=\/wp\/v2\/users\/1"}],"replies":[{"embeddable":true,"href":"https:\/\/auto-schanzer.de\/index.php?rest_route=%2Fwp%2Fv2%2Fcomments&post=4"}],"version-history":[{"count":5,"href":"https:\/\/auto-schanzer.de\/index.php?rest_route=\/wp\/v2\/pages\/4\/revisions"}],"predecessor-version":[{"id":1338,"href":"https:\/\/auto-schanzer.de\/index.php?rest_route=\/wp\/v2\/pages\/4\/revisions\/1338"}],"wp:attachment":[{"href":"https:\/\/auto-schanzer.de\/index.php?rest_route=%2Fwp%2Fv2%2Fmedia&parent=4"}],"curies":[{"name":"wp","href":"https:\/\/api.w.org\/{rel}","templated":true}]}}